r of 4 and b?
2
Suppose 3*v - 5*h = 43, -3*v = -2*h - 9 - 28. What is the highest common divisor of 44 and v?
11
Let k(g) = g**3 + 12*g**2 - 7*g + 6. Let b(q) = -q**2 + q - 1. Let u(y) = 6*b(y) + k(y). Let c be u(-6). What is the greatest common divisor of c and 18?
6
Let c(o) = o**3 + 8*o**2 + 5*o. Let h be c(-7). Let u = 75 + -47. Calculate the highest common factor of u and h.
14
Let u be 119 + (-2 - 0/(-3)). Suppose -5*m - 2*v + 69 = 0, 6*m = 2*m + 5*v + 42. What is the greatest common factor of m and u?
13
Suppose -12 = -4*x - 2*b, -5*x - 5*b - 2 = -17. Let i(s) = 45*s**3 + 1 - x - s**2 + 3. Let v be i(1). What is the highest common factor of v and 15?
15
Let a = 1 + 0. Let n be -2 + 0 - 0/7. Let j be (n + 1)*(2 + -5). What is the highest common divisor of j and a?
1
Let c = -20 - -26. What is the greatest common factor of c and 2?
2
Suppose 5*v - j - 19 = -5*j, -5*v = -5*j - 55. Suppose 0*y - 4*y = -112. Calculate the highest common factor of y and v.
7
Let t(n) be the first derivative of 13*n**2/2 - n - 28. Let g = 2 - 1. Let c be t(g). Calculate the greatest common divisor of c and 4.
4
Let f be (-2)/((0 - 1) + 0). Suppose -m + 5 = f*v - 5, 0 = -5*v + 3*m + 3. Suppose -15 = -v*y - 2*y. What is the highest common divisor of 9 and y?
3
Suppose 2*n = 7*n - 90. Suppose -2*l + 101 = o, -34 = -l - 2*o + n. What is the highest common factor of l and 10?
10
Suppose x = 32 - 30. What is the greatest common divisor of 18 and x?
2
Suppose -p - 4 = -5*p. Suppose p = -b - 1. Let w be -11*1/b*22. What is the highest common divisor of w and 11?
11
Suppose 1 = 3*d - 14. What is the greatest common divisor of d and 35?
5
Let q be -1 + 2 - (-3)/1. Let t = 8 - 7. Let z be (-6)/9*(t + -55). What is the greatest common divisor of q and z?
4
Let d(c) = -16*c - 22. Let m be d(-7). Calculate the greatest common factor of m and 60.
30
Let u(d) = 35*d**2 + d + 59*d**2 + 15*d**2. Let y be (2 + -1)*1*1. Let g be u(y). Calculate the highest common divisor of 10 and g.
10
Suppose -2*j - 2 = -4*t, t - 10 - 13 = -4*j. Let c be 20/6 - 1/t. Let s = -5 - -8. Calculate the greatest common divisor of c and s.
3
Let f be 3*1*2920/60. Let p be (-2)/6 + f/6. What is the greatest common factor of p and 3?
3
Let a = 24 + 40. What is the highest common divisor of 4 and a?
4
Suppose 4*n + 20 = 2*n. Let s = 18 + n. What is the greatest common divisor of 24 and s?
8
Suppose 4*p - r - 277 = -0*r, 0 = 3*p + 3*r - 219. Suppose 0*s + p = s - 5*a, -a = s - 64. What is the highest common factor of 13 and s?
13
Let t be 3/12*-5*-4. Suppose 0 = -l - 2, 0*l + 10 = 2*s + t*l. What is the greatest common divisor of 50 and s?
10
Suppose 5*y + q - 173 = 0, 3*q + 1 = -5. Let c be 3/(-2) - y/(-2). Calculate the greatest common factor of 4 and c.
4
Let f = -5 - -1. Let y be (-71)/f + (-2)/(-8). Suppose 2*l + 0*l = 2*i - 98, 3*i - 172 = -2*l. Calculate the greatest common factor of y and i.
18
Suppose 3*m - 139 = -2*h, -3*h + 114 = -m - 122. What is the greatest common divisor of 11 and h?
11
Suppose -2*j = -0 + 4. Let o be (20/(-7))/(j/7). What is the highest common divisor of o and 5?
5
Suppose 50 + 170 = 5*y. Let u(x) = 3*x**3 - 2*x + 2. Let g be u(2). What is the highest common divisor of g and y?
22
Let b(s) = s**3 + 12*s**2 + 9*s - 14. Let x be b(-11). Calculate the greatest common divisor of x and 4.
4
Let m be 2/7 + (-36)/(-21). Let u = 5 + -3. Suppose -3*d = -5*c + 59, m*c = -c - u*d + 24. What is the greatest common divisor of 20 and c?
10
Suppose 0 = 9*x + 2*x - 154. What is the greatest common factor of x and 126?
14
Let k be (26 + -20)*(-92)/(-3). Calculate the highest common factor of k and 23.
23
Let a(c) = -62*c - 3. Let u be a(-2). Suppose 11 = f + 4*z, -52 = -4*f + 3*z - 8. What is the highest common divisor of u and f?
11
Let s(p) = p**3 - 7*p**2 + 5*p + 7. Let k be s(5). Let x = 27 + k. What is the greatest common factor of 9 and x?
9
Suppose s + 56 = 3*s. Suppose i - 4*t = -4, -2*t + 40 + s = 5*i. Let j(b) = 7*b**2 - b - 2. Let p be j(2). Calculate the greatest common divisor of i and p.
12
Let p(k) = 7*k**3 + k**2 - 1. Let r be p(1). Let y(i) = 7*i - 5. Let b be y(r). Suppose -2*g = -b - 198. Calculate the greatest common divisor of g and 11.
11
Suppose 5*w = 3*w. Suppose -63 + w = -t. Let x(p) = -p + 5. Let k be x(-4). Calculate the highest common divisor of t and k.
9
Let l be -1 + (-2 - (6 - 3)). Let y = -2 - l. Suppose 0 = -j - y*g + 47, 2*j + 2*j - 2*g = 152. What is the highest common divisor of j and 13?
13
Let c(s) = 3*s - 3. Let o be c(13). Suppose -11 + o = 5*r. What is the highest common factor of r and 20?
5
Let c be 4/(-14) + 4/14. Suppose 3*o + o - 40 = c. Calculate the highest common divisor of o and 10.
10
Suppose 197 = 6*q - 529. Calculate the highest common divisor of q and 11.
11
Let t be (192/(-28))/(-4)*28. Calculate the highest common divisor of 6 and t.
6
Suppose 2*r - 54 = -0*r. Suppose 3*j + 0*j + 4*b = -7, b + 4 = 0. What is the highest common factor of r and j?
3
Let l be -6*3/(18/(-8)). Let y be (6/4)/((-6)/40). Let h = 2 - y. What is the greatest common divisor of h and l?
4
Suppose -4*p + l = -p - 33, -l + 51 = 4*p. What is the greatest common divisor of p and 96?
12
Let y be 56/16 + (-2)/4. Let z be y/(-3) - (-156)/(-2). Let x = 154 + z. What is the highest common factor of 30 and x?
15
Suppose -3*i - 3*r = 2*i - 43, 0 = -5*i + 3*r + 37. Let w = 2 - 5. Let j be 32/3*(w + 9). Calculate the highest common divisor of i and j.
8
Suppose 4*o - 24 = -0*o. Suppose 147 = -3*s + o*s. Calculate the greatest common factor of s and 7.
7
Suppose 4*t - 5*y = 243, -3*t + 0*y + 181 = -5*y. Suppose 20 = -3*z + 3*x + t, 8 = 2*z + 3*x. Calculate the highest common divisor of 70 and z.
10
Let d = -187 + 285. Let i = -46 + d. Calculate the highest common factor of i and 26.
26
Suppose 0 = -x + 4 - 1. Let j(m) = m**3 - 8*m**2 + 2. Let y = 5 + 3. Let i be j(y). What is the highest common factor of x and i?
1
Let y(p) = p**3 - 12*p**2 - 10*p + 11. Let s be y(13). Let b = s + -30. What is the greatest common divisor of b and 10?
10
Suppose -6 = -3*u + 3*c, 7*c = 5*u + 3*c - 10. Let f = u - 1. Calculate the highest common divisor of 2 and f.
1
Suppose 8 = -5*f + 4*g - 11, 0 = 2*f + 2*g + 4. Let q = 4 + f. Calculate the highest common factor of 11 and q.
1
Let o be 7*54/7*3. What is the greatest common factor of o and 18?
18
Let q(f) = 2*f**2 + 2*f. Let v = 7 - 10. Let t be q(v). Calculate the highest common factor of t and 8.
4
Let z = 3 + -2. Suppose 0*m = -m + 5. Let c be 28/m - (-21)/(-35). What is the highest common divisor of c and z?
1
Suppose -5*k + 40 = -0*k. Let j = -2 + k. What is the greatest common factor of 42 and j?
6
Suppose -288 = 3*s - 7*s. Let n = 5 + 43. What is the greatest common factor of s and n?
24
Let o(n) = -3*n + 4*n**2 + n - 3 - n**2. Suppose -12 = -5*h + 3. Let x be o(h). What is the greatest common factor of x and 126?
18
Suppose -3*o + 6*o = 135. What is the highest common divisor of 5 and o?
5
Let r be 694 + (1 + -2)*1. Let k = r + -475. Let j = k - 140. What is the greatest common divisor of j and 13?
13
Suppose -7*l + 746 - 291 = 0. Calculate the greatest common divisor of 39 and l.
13
Let f be ((-231)/(-35))/((-1)/(-15)). Let r = 6 - -5. Calculate the highest common factor of r and f.
11
Suppose -i = 3*i - 12. Let r = 26 - 11. Suppose -120 = -5*x + r. What is the greatest common factor of i and x?
3
Let r be (1 - 1) + (13 - 9). Calculate the highest common divisor of 20 and r.
4
Let k be (16/(-14))/((-2)/14). What is the greatest common factor of k and 1?
1
Let v be (1 - (1 - -1))/1. Let o be (-21)/(-12)*(-36)/v. What is the greatest common divisor of o and 7?
7
Let i(d) = -2*d + 4*d**2 + d**2 - 4 - 4*d**2. Let q be i(6). What is the greatest common divisor of q and 30?
10
Let x = 227 + -664. Let h = -293 - x. Let g = -25 + 43. Calculate the greatest common divisor of g and h.
18
Let v be 14 - (0 - -1)*0. Let w = v + -6. Calculate the highest common factor of 2 and w.
2
Let j = -192 - -354. Calculate the greatest common factor of j and 18.
18
Let v(m) = -3*m**3 - 2*m**2 - 3*m - 4. Let h be v(-4). Calculate the greatest common factor of h and 42.
42
Suppose -2*i + 74 = 2*k, -4 = 2*i + 2*i. What is the greatest common factor of 57 an